late the greatest common divisor of d and 70.
10
Suppose -2*s + 15 + 3 = 0. Let d(h) = h**3 + 3*h**2 - h. Let l be d(-3). What is the greatest common factor of s and l?
3
Let c(h) = 10*h + 8. Let f be c(7). Calculate the greatest common factor of 52 and f.
26
Suppose 4*g - 3*f - 160 = -0*g, 160 = 4*g + f. Let l be 4/((-40)/(-1986)) + (-24)/g. Calculate the highest common factor of l and 18.
18
Suppose 4*y + 0*y + 16 = 0, 4*x + 2*y = 552. Suppose -2*c = -3*l - 0*c + x, 4*l = -5*c + 202. What is the highest common divisor of 12 and l?
12
Let f(m) = 2*m**2 - 4. Let j be f(-3). Let l be ((-32)/20)/(4/(-10)). Suppose x = -3, 4*x + x = -l*q + 601. Calculate the greatest common factor of q and j.
14
Let b = -665 - -692. Calculate the greatest common divisor of b and 216.
27
Suppose 12*m - 57*m = -72000. Calculate the greatest common divisor of 64 and m.
64
Let a(r) = -410*r - 690. Let k be a(-2). Let h(c) = 0*c**2 - 2*c - 4 + 8*c + 2*c**2. Let w be h(4). Calculate the highest common factor of k and w.
26
Let d(w) = 4*w - 7. Let s(r) = 5*r - 6. Let q(x) = -4*d(x) + 3*s(x). Let a be q(8). Suppose 2*g = -a*g + 300. What is the greatest common factor of 15 and g?
15
Let o be (-3 - 1)/(6/9). Let k(h) be the third derivative of -h**4/6 - h**3 - 73*h**2. Let d be k(o). Calculate the greatest common factor of 45 and d.
9
Suppose -2*h - 5*j = -67 + 21, 4*h - 3*j = 144. Let z(u) = 21*u**3 + 1. Let l be z(1). What is the highest common factor of l and h?
11
Let q be 39*(26/6 - 2). Let g(n) = 2*n**2 + 10*n + 1. Let v be g(-6). What is the greatest common factor of v and q?
13
Let v(q) = -15*q. Let c be v(-1). Let s be (3*(-7)/42)/((-2)/12). Let j be (-8)/(-12) - (-7)/s. What is the greatest common factor of j and c?
3
Let q(m) = m**2 - 6*m - 2. Let r be q(6). Let f(v) = -5*v - 2. Let i be f(r). Suppose 40*w - 47*w + 14 = 0. What is the highest common factor of w and i?
2
Let f(s) = s**3 + s**2 + 6*s + 4. Let i be f(5). Let c = i - -14. Let g be (-1 + 3/(-6))*264/(-18). What is the greatest common divisor of c and g?
22
Suppose 4*w + 10 = -7*b + 2*b, -3*b - 5*w - 19 = 0. Suppose -3*a - b*c = -39, 2*a - 4*a + c + 26 = 0. What is the highest common divisor of 65 and a?
13
Suppose -1227*t = -1237*t + 50. What is the highest common factor of t and 285?
5
Suppose x - 3*x + 2 = 0. Let t be (-4 + 2 - -87)/x. Suppose 3*c - t = -5*i, -2*i - 4*c = -i. What is the greatest common divisor of 8 and i?
4
Suppose -12*r + 98 = t - 10*r, t = -5*r + 101. Calculate the highest common factor of t and 12.
12
Let j(d) = -33*d - 9. Let r be j(-1). Calculate the highest common divisor of 120 and r.
24
Suppose 97 = -7*u + 321. What is the highest common divisor of 320 and u?
32
Let s(f) = 3 + 9 - 8 + 2*f**2. Let i be s(-2). Let g = -13 - -31. Calculate the highest common divisor of g and i.
6
Let o(x) = -x**2 + 4*x + 13. Let g be o(6). Let v be -106*(1/2 - g). Suppose -m + 10 = -v. Calculate the highest common factor of 7 and m.
7
Suppose -k + 1 = -0. Let q be (-3 - k)/2 - -53. Let d be q - 3/6*0. What is the highest common factor of 34 and d?
17
Suppose 17*o = 13*o + 20. Suppose 0 = 2*k - 3*g - 75, 0*k + 51 = 2*k + o*g. What is the highest common divisor of k and 3?
3
Suppose -m = h - 2, 5*m = -4 - 6. Let v be 8/(-1)*(2 + 57/(-24)). Let d be 191/h - v/(-12). What is the greatest common divisor of 16 and d?
16
Let t be ((-18)/(-4))/((-3)/(-36)). What is the highest common divisor of 216 and t?
54
Let f be 16/2 + -6*2/6. Let x(d) = 16*d - 36. Let u be x(f). Calculate the highest common factor of 24 and u.
12
Suppose 370 = 2*g + 3*g + l, -5*g + 380 = -l. Calculate the highest common divisor of g and 27.
3
Let s = -299 + 313. Calculate the greatest common factor of s and 448.
14
Let p be 26/10 - 4/(-10). Suppose d = f + 21, -p*d - 4*f - 47 + 131 = 0. What is the highest common divisor of d and 72?
24
Suppose 0 = -g - 3*g - 3*w + 691, -3*w = 9. Let h be ((-12)/(-15))/(7/g). What is the highest common divisor of 5 and h?
5
Let n(c) = -6*c + 33. Let s be n(6). Let r be 8 + 9/s + 198. Calculate the greatest common factor of r and 29.
29
Suppose 55834*q + 672 = 55848*q. Let i = -19 + 31. What is the greatest common divisor of i and q?
12
Let r(i) = i**2 - 3*i - 3. Let u be r(6). Let n(y) = -30*y. Let x be n(-4). What is the highest common factor of x and u?
15
Let o = -14 + 18. Let n(f) = -f**3 + 6*f**2 - 7*f + 18. Let g be n(o). Calculate the greatest common divisor of 198 and g.
22
Suppose 12*k = -78 + 582. Calculate the highest common divisor of k and 56.
14
Let c = -114 - -144. Let j = -10 + 16. Let y = j - -6. What is the highest common divisor of y and c?
6
Let s(l) = -9*l - 4. Let k be s(-4). Let v be 4/(32/24)*(-80)/(-3). What is the highest common divisor of v and k?
16
Let m be 12/3 + (68/4 - 8). Calculate the greatest common divisor of m and 52.
13
Let l be 114/4 - 1/2. Let u be 6/(-4)*((-76)/(-12) + -3). Let m be u/(50/(-704)) - (-2)/(-5). What is the highest common factor of m and l?
14
Let r(m) = -2*m**3 - 32*m**2 + 51*m - 50. Let f be r(-18). Calculate the greatest common factor of f and 24.
8
Let j(u) = -u**2 + 13*u + 34. Let o be j(15). Suppose -x + 5*s = -3*x + 31, 0 = -o*x + 2*s + 74. What is the highest common factor of x and 162?
18
Let k = -1851 + 1896. Calculate the greatest common divisor of 45 and k.
45
Let g(r) be the second derivative of 11*r**5/20 - r**4/6 + 2*r**3/3 - 3*r**2/2 - 13*r. Let k be g(1). Calculate the greatest common divisor of 100 and k.
10
Let p = 1256 - 1214. What is the greatest common divisor of 105 and p?
21
Suppose 4*j = 2*b + 4, -3*j + 5*j = -3*b - 6. Let o be 6 + b + -2 + 28. What is the highest common factor of 10 and o?
10
Suppose 40*o - 251 = 1109. Calculate the highest common divisor of 17 and o.
17
Suppose -2*s = -2*p - 3*p + 454, -4*s + 12 = 0. Let m = p + 7. Suppose 3*x = 5*x - 22. What is the greatest common factor of m and x?
11
Let l = -24528 - -24544. Let u be 3/9 - 431/(-3). Calculate the greatest common factor of l and u.
16
Let x(n) = 3*n**3 - n**2 + n - 9. Let f be x(3). Suppose 5*l + f = 11*l. Suppose 2*o = -3*o + 385. What is the highest common divisor of o and l?
11
Suppose 0 = -12*b + 1299 + 1101. What is the greatest common factor of b and 140?
20
Suppose -2*i = -0*i - 156. Let s be (-48)/(-42) + (6 - (-102)/21). Calculate the highest common factor of s and i.
6
Let i be (-93 - -798) + (-5)/(3 - 2). What is the highest common divisor of i and 7?
7
Suppose 0 = 7*o + 978 - 2448. Calculate the greatest common divisor of 70 and o.
70
Let w = -19 - -94. Let v be (2/4)/(1/16). Suppose -35 = -3*c + 2*u + v, c - 16 = -u. What is the greatest common divisor of w and c?
15
Suppose -3 = 4*u + 5. Let g(j) = 3*j**2 - 2*j - 4. Let t be g(u). Calculate the highest common divisor of 8 and t.
4
Let o(f) = f**3 + 3*f**2 - 23*f - 15. Let i be o(6). Calculate the greatest common factor of 27 and i.
9
Let j be (-22)/66 - (-38)/6. Calculate the greatest common factor of j and 42.
6
Suppose 5*d - 1145 = -4*k, -2*k + 8*d = 12*d - 580. Suppose 0*l - 4*l + 160 = 0. Calculate the greatest common divisor of l and k.
40
Let r = -105 + 153. Suppose -15*s = -9*s - r. Calculate the highest common factor of 2 and s.
2
Let l(o) = o**2 - 6*o - 12. Suppose 54 = 4*y + 2*q, y - 5*q = -q. Let g be l(y). Let f = -12 + 36. What is the greatest common divisor of f and g?
12
Let a = -748 - -803. Calculate the greatest common divisor of a and 55.
55
Suppose 3*r - 4*r = -2. Suppose y - 2*b = 22, -7*b + 4*b + 12 = 0. Suppose r*i = -0*i + y. What is the greatest common divisor of 165 and i?
15
Let w(c) = -2*c. Let z be w(-3). Let v be 62/20 + ((-7)/70 - 0). Calculate the greatest common divisor of z and v.
3
Suppose 0 = 3*v + 2 - 77. Let o(n) = -64*n + 47. Let y be o(-2). Calculate the highest common divisor of v and y.
25
Let t be 2/12 + (-88)/(-48). Suppose 4*f - 896 = 5*d, -d - 896 = -4*f + t*d. Calculate the highest common divisor of 32 and f.
32
Let p(k) = k + 28. Let i be p(-19). Suppose v + 2*v - 9 = 0. Calculate the highest common factor of v and i.
3
Suppose 0 = -3*c - k - 232, -6*k - 226 = 3*c - 2*k. Let q = -68 - c. What is the highest common factor of q and 90?
10
Suppose -2*f - 12 = 4*p, -5*p = -2*f - 6*p. Let g = 22 - f. Let m = 14 + -10. Calculate the h